. Let t = -23 - c. Let s be (t/6)/((-20)/(-150)). Calculate the greatest common divisor of 45 and s.
5
Suppose 7*h + 420 = 13*h. Calculate the highest common factor of h and 56.
14
Suppose 257*h + 102 = 259*h. What is the greatest common divisor of 289 and h?
17
Suppose -17*r + 10108 = -3*r. Calculate the highest common divisor of r and 152.
38
Let b be 17 - (10/(-60) - (-7)/6). What is the greatest common divisor of 224 and b?
16
Let v(w) = 31*w**3 + 3*w**2 - w. Suppose -45*y = -44*y - 1. Let u be v(y). Calculate the highest common divisor of 121 and u.
11
Suppose 3*g = -p + 74, -4*g + 5*g = 4*p + 42. Let b be g/8 + 5/(-20). Let l be (10/(-6))/(b/(-9)). Calculate the highest common divisor of l and 1.
1
Suppose 2*g = 4*g - 4. Let b be 0 + 5 + g + -6. Calculate the greatest common factor of b and 1.
1
Let w(c) be the first derivative of c**4/4 - c**3 + 2*c**2 - 2*c - 16. Let v be w(2). Let z be 18/4 + (-5)/10. What is the greatest common divisor of z and v?
2
Suppose -4 = -4*o + 12. Let v be (2/5)/(o/720). What is the greatest common divisor of 9 and v?
9
Let p = -1455 - -1465. What is the greatest common divisor of p and 90?
10
Let q(p) = p**3 + 6*p**2 + 5*p + 6. Let c be q(-6). Let i be 6/(-10) + c/10. Let w be (i - (-5 + 2)) + 2. Calculate the greatest common divisor of 22 and w.
2
Let n be (0 - -1)/(56/1400). Let a be 4/6 - (-148)/3. Calculate the highest common divisor of a and n.
25
Suppose -a = 5, 18*a - 20*a + 1750 = 4*z. What is the greatest common factor of 160 and z?
40
Let a(f) = -3*f**3 - 13*f**2 + 19. Let v be a(-5). What is the highest common factor of 3 and v?
3
Let g = 10 + -4. Let h be (-10)/(-65) - (-446)/(-26). Let f = 20 + h. What is the greatest common divisor of g and f?
3
Suppose y - 53 - 79 = 0. Suppose 25 = 5*l, -5*n - 2*l + 46 = -2*n. What is the greatest common divisor of y and n?
12
Let d = -14 - -21. Let k(y) = -10*y - 25. Let r(o) = -10*o - 24. Let h(g) = 7*k(g) - 6*r(g). Let z be h(-8). Calculate the highest common factor of d and z.
7
Let a = 101 + -198. Let r be a/(-4) + (-3)/12. Let i be 1/1*5 - -1. Calculate the highest common factor of r and i.
6
Suppose -j - 4*r = -72, 0 = 4*j - 2*r - 267 + 33. Let t = j - 53. Calculate the greatest common factor of t and 21.
7
Suppose 12*h = 5*h + 21. Suppose -4*s - 2*f - h*f + 35 = 0, -24 = -3*s - 3*f. What is the highest common factor of 45 and s?
5
Let b be 14/((-45)/(-126)*2/5). Calculate the greatest common factor of b and 70.
14
Suppose o - 19 - 17 = 0. Let d(l) = 3*l**2 + 5*l - 4. Let s be d(-7). Calculate the greatest common divisor of s and o.
36
Let k(v) = v**3 + 6*v**2 + 8. Let u = 24 + -30. Let q be k(u). Calculate the highest common divisor of q and 2.
2
Let s be 2/4*(-2128)/(0 - 8). What is the highest common divisor of 38 and s?
19
Let a be 2/(0 - 14) - 988/91. Let h = a + 22. What is the greatest common factor of 11 and h?
11
Let v = -20 + 39. Let f be ((-15)/(-10) + 0)*2. Suppose 2*r + 117 = 3*s + r, -4*s = -f*r - 161. Calculate the highest common divisor of v and s.
19
Let v be (-167)/3 - 5/15. Let u be (-4)/(-14) + (-1664)/v. Let a = -23 + 43. What is the greatest common divisor of u and a?
10
Let x(z) = -2*z**3 - 2*z**2 + 8*z + 1. Let k be x(-3). Let l be 95 + 2*(-3 + 1). What is the highest common factor of k and l?
13
Let c(g) = 5 - 449*g + 41 + 454*g. Let p be c(-8). Let v = 5 - -31. What is the highest common divisor of v and p?
6
Suppose -4*q = -5*i + 120, 4*i - 90 = -0*q + 2*q. Let u = 4152 + -3992. Calculate the greatest common factor of u and i.
20
Let m(h) be the second derivative of 11*h**4/6 + 2*h**3/3 + 12*h. Let a be m(4). Let o = a + -207. Calculate the greatest common divisor of 23 and o.
23
Suppose 3*n + 2*b = 629, 5*n = 24*b - 20*b + 1041. What is the greatest common divisor of 11 and n?
11
Suppose -5*o + 3 = -7. Let v(b) = -b - 2*b**2 + 4*b**2 - b**2 + 2*b**o + 3. Let k be v(-2). Calculate the greatest common divisor of 17 and k.
17
Let s = -35 + 40. Let n(h) = -h + 2. Let r be n(-1). Suppose -r*z + 115 = -o, 0 = -z + o + 55 - 20. What is the greatest common divisor of z and s?
5
Let c(q) = -17*q - 149. Let s be c(-31). What is the highest common divisor of 84 and s?
42
Let h(l) = 5*l - 7. Suppose 0 = -6*g + 4*g - 12. Let p be (-2)/(-3) - 38/g. Let j be h(p). What is the greatest common divisor of j and 42?
14
Let r(j) = j**2 - 3 + j**2 + 1 + 18 + 18*j. Let t be r(-12). Suppose 0 = c - 2*c + 11. Calculate the greatest common factor of c and t.
11
Suppose 0 = 5*c - 38 - 12. Let p = -379 + 429. Calculate the highest common divisor of c and p.
10
Let i(o) = -o**2 + 9*o + 4. Let c be i(8). Let x = -66 + 121. Let w = -51 + x. Calculate the greatest common factor of c and w.
4
Let g(d) = 11*d**2 - 7*d - 13. Let m be g(4). Calculate the greatest common divisor of m and 195.
15
Suppose 0*w - w = -115. Suppose 0 = -3*z + 2*z - 5. Let b = z - -28. What is the greatest common factor of b and w?
23
Let x(y) = 9*y - 12. Let a be ((-45)/18)/(2/(-4)). Let k be x(a). Suppose -17 = c - k. Calculate the greatest common factor of c and 2.
2
Let r = 599 - 560. What is the highest common factor of 624 and r?
39
Let u(q) = 7*q + 12. Suppose 4*f - 25 - 27 = 4*v, v = 2*f - 28. Let d be u(f). What is the highest common factor of d and 9?
9
Suppose -n = -5*a + 34, 3*n - 15 = -2*a + 2*n. Suppose -2*c - 70 = -a*c. What is the greatest common factor of 112 and c?
14
Let z be (1*4)/(1/3). Suppose 124 = 5*s - 2*b, 2*s + 21*b = 20*b + 46. Calculate the greatest common factor of s and z.
12
Let t = 387 - 368. Let m = 268 + -173. Calculate the greatest common divisor of t and m.
19
Suppose -45 = -5*v + 5*w, -10*w + 12*w - 10 = 0. Let x be ((-16)/(-12))/(2/147). What is the greatest common factor of x and v?
14
Let h(b) = 3*b**2 - 13*b - 35. Let l be h(11). Let u = 88 + -51. Calculate the highest common divisor of l and u.
37
Suppose -42 - 14 = -2*m. Let d(f) be the first derivative of -7*f**2/2 - 7*f + 3. Let n be d(-7). Calculate the greatest common factor of m and n.
14
Suppose -871 = -3*h - 2*h - 3*d, -719 = -4*h + 5*d. Suppose -11*v + h = -9*v. Calculate the highest common divisor of 8 and v.
8
Suppose -534*v = -542*v + 17280. What is the greatest common divisor of v and 12?
12
Let d be 3/(-2)*(-7)/(21/136). What is the greatest common factor of d and 68?
68
Let t = -218 - -254. What is the highest common factor of t and 207?
9
Suppose 5*w = 5*h - 25, 5*h + 4*w = 4*h + 10. Suppose -h*f - 2*t = -2*f - 506, 3*f - 3*t = 375. What is the greatest common factor of 14 and f?
14
Suppose 0 = 14*l - 212 - 124. Calculate the highest common factor of l and 20.
4
Let d = 4 - -11. Suppose 16*h = d*h + 3. Suppose 3*b - 5*c - 84 = 0, -4 = -b - h*c + 10. What is the greatest common divisor of b and 46?
23
Let y be (-4)/(-18) - (-258)/54. Suppose 3 + 22 = y*v. Suppose v*m - 50 = -3*q, -7*q + 14 = 3*m - 2*q. What is the greatest common divisor of m and 52?
13
Let z(n) = -12*n - 41. Let c be z(-4). Calculate the greatest common factor of c and 3.
1
Let z = 15 + -27. Let k be 45/(-6)*z/9. Let x = 11 - k. What is the greatest common divisor of x and 8?
1
Let q be ((-1512)/60)/((-2)/5). Calculate the greatest common factor of q and 2016.
63
Let n(i) = -i - 11. Let r be n(-14). Suppose -r*j + 189 = -102. Suppose -5*c - 2*y = -5*y - j, -5*y - 37 = -c. Calculate the greatest common factor of 17 and c.
17
Let w be 236/10 - 2/(-5). Let z(h) = h**3 - h + 2. Let x be z(3). Suppose d = 94 + x. What is the greatest common factor of w and d?
24
Suppose 0 = -3*i - 0*i - 5*b + 26, -b = -1. Let v = 1 + i. Calculate the greatest common divisor of 16 and v.
8
Let s(m) = -12*m - 20. Let t(k) = -k - 1. Let y(p) = -2*s(p) + 36*t(p). Let q be y(-7). Let j = 24 - 16. Calculate the highest common divisor of q and j.
8
Suppose -28*s = -24*s - 24. Suppose -3*v + 10 = u, 0 = s*u - 3*u + 4*v - 20. What is the greatest common factor of u and 6?
2
Suppose 2394 = 24*c - 246. What is the greatest common factor of c and 11?
11
Let t(b) = -5*b + 91. Let q be t(11). What is the highest common factor of q and 540?
36
Let j = 10 - 12. Let w be (-1)/((-1)/65) + j. What is the highest common factor of w and 9?
9
Suppose 8*q - 4*q - 8 = 0. Suppose q*x = -x + 363. What is the greatest common divisor of 11 and x?
11
Le